v(y) = 4*y - 1. Let d = 7 + -5. Let i be (5/(-5))/(d - 3). Suppose 0 = 5*a + 6 - i. Calculate v(a).
-5
Let p(m) = -m**2 + 4*m - 2. Let t(q) = 2*q**2 + 5*q - 2. Suppose 3*d + 3 = -0. Let b(u) = -u**2. Let o(l) = d*t(l) - 3*b(l). Let h be o(5). Give p(h).
2
Let q(t) = 1585*t**3 + 2*t - 1584*t**3 - 4 - 2*t**2 - 4*t. Determine q(-2).
-16
Let m(h) = h**3 - 6*h**2 - 7. Suppose -9*d + 5*d + 28 = 0. Let w = -30 + 31. Suppose d - w = l. Give m(l).
-7
Let d(f) = f**2 + 3*f - 5. Let i be d(-4). Let r(h) = -6*h - 1. Let y be r(i). Let l(a) = a + 1. Determine l(y).
6
Suppose -3*s + 5 = -b, 14*s - 16*s - 1 = -5*b. Let d(z) be the second derivative of 0 + 5/3*z**3 - 2/3*z**4 - 1/20*z**5 - 7*z + 13/2*z**s. Calculate d(-9).
4
Suppose d - 2 = 3*y - 26, -y + 3 = -2*d. Let f(s) = -3*s**2 + 6 + 2*s**3 - 7*s - 4*s**3 + y*s**2 + s**3. Give f(5).
-4
Let g be 3 + 0 - (128 + 5/5). Let i be 1/(22/g - (-10)/35). Let b(v) = 2*v - 12. What is b(i)?
6
Suppose 12*a = 10*a + 4. Let q(p) = -14*p + 1. What is q(a)?
-27
Let z(f) = -f**2 - 11*f + 14. Let p be z(-12). Let m be (-16)/((-3 + -1)/p). Suppose 3*x = w + m, 0*x + 30 = 5*x - 5*w. Let t(a) = a - 2. Calculate t(x).
-1
Let m(b) = -78*b - 13 - 71*b + 3*b**2 - 4*b**2 + 216*b - 68*b. Suppose -5*d = 2*w - 5*w - 25, 5*w + 15 = 3*d. Determine m(w).
-13
Let b(n) be the second derivative of -n**4/12 - 7*n**3/6 + 9*n**2/2 + 331*n. Calculate b(-6).
15
Let q(c) be the second derivative of -c**3/2 + c - 22. Let d = -4 - -5. Calculate q(d).
-3
Let m(d) = 6590*d - 3293*d - 3296*d + 0*d**2 + d**3 + d**2 - 6. What is m(0)?
-6
Let v be 4/3*(-9)/(-4). Suppose -2*l - v*s = -14, -4*l - 3*s - s + 28 = 0. Let u(o) = -o**3 + 8*o**2 - 5*o - 7. Calculate u(l).
7
Suppose 0 = -3*p + 3*c - 21, -3*p + c - 3*c = -4. Let l = 4 - p. Let m(s) = s**3 - 875*s**2 + 2*s + 2*s + 5 + 868*s**2. Determine m(l).
-7
Let v = 656 - 662. Let r(x) = -x**2 - 6*x - 7. Calculate r(v).
-7
Let s(u) be the first derivative of -u**4/2 + 4*u**3/3 - u**2/2 - 2*u - 1534. Suppose -2 = -4*w + 6. Give s(w).
-4
Suppose -4*n + 37 + 7 = 0. Let w = 14 - n. Let s(j) = j**3 - 3*j**2 + j + 1. Determine s(w).
4
Let h be 2*(1 + 1)/1. Let i(z) be the third derivative of 1/120*z**6 - 1/12*z**5 + 0 + 1/6*z**3 + 16*z**2 + 0*z + 5/24*z**4. Calculate i(h).
5
Let z(i) = 2*i + 0 + 2 - 9*i + 8*i. Give z(-4).
-2
Suppose 11*x - 2*x = 18. Let m(p) = 8*p**2 - 3*p + 2. Determine m(x).
28
Suppose 6 = -2*s, s = -o - 0*o. Suppose -4*h = -o*h + 4. Let m(i) = -3*i**2 + 2. Let c(g) = g**2 - g - 3. Let f(x) = 2*c(x) + m(x). What is f(h)?
-12
Let t = -81 - -83. Let i(v) = -5*v**2 + 5*v - 5. Calculate i(t).
-15
Let q(r) = -r - 5. Let f(a) = -a**2 + 10*a + 9. Let x be f(10). Suppose -x*l + 2*l - 28 = 0. Calculate q(l).
-1
Let s(z) = -z**3 - 7*z**2 - 9*z - 9. Suppose -20*j - 122 = -2. Calculate s(j).
9
Suppose -2*u + 4 = 0, 3*u - 2 = -4*m + 24. Let j(y) = -m*y + 0 - 1 + y + 6*y. Give j(3).
5
Let b be 24/40 + (-2)/(-5). Let i(n) = -8 - 2*n - n + 4*n + b. Let z be (-10)/3*(-18)/15. What is i(z)?
-3
Let f(z) = 4*z + 3. Suppose 4*r + 0 = 8. Suppose 0 = k - r*k + 27. Let i be -6*(k/(-6))/(-9). What is f(i)?
-9
Let p(i) be the third derivative of i**7/2520 - i**6/120 + i**5/120 + i**4 - 3*i**2. Let g(h) be the second derivative of p(h). Calculate g(6).
1
Let z(g) = -g**3 - 6*g**2 - 2*g - 1. Let j be -2 - 5/(40/32). Determine z(j).
11
Let n be 5 - (-2 - -3)*-1. Let s(a) = a**2 - 6*a + 6. Let l be s(5). Let z(h) = -l - 7 + 12*h + h**2 - 17*h. Determine z(n).
-2
Let j(q) = q + 1. Let p = 36 + -55. Let g = 19 + p. Give j(g).
1
Let u(y) = -4*y - 8. Let q(w) = 7*w + 16. Let r(l) = -6*q(l) - 11*u(l). Give r(-6).
-20
Suppose 2*g - 6*g + 40 = 0. Let o = -26 + 10. Let d = o + g. Let v(p) = p**3 + 6*p**2 + 2*p + 5. What is v(d)?
-7
Let m(w) = 5 + 12*w**3 + 0*w**2 - 6*w - 4*w**3 + w**2 - 2*w**2 - 7*w**3. Calculate m(3).
5
Let t(p) = -2*p + p - p - 2*p**2 + 19 + 24 - 40. Calculate t(-4).
-21
Suppose -9 = c - 4*c. Let q be ((5 - c)*5)/(-2). Let w(b) = b**3 + b - 2*b + 6 + 4*b**2 - 3*b - 2*b. What is w(q)?
11
Let i(f) = 4*f - 4. Let o(t) = -5*t + 3. Let x(y) = 4*i(y) + 3*o(y). Let c(v) = v**2 - 7*v - 5. Let p = 29 + -21. Let q be c(p). Determine x(q).
-4
Let b(l) = -20*l - 9 - 63877*l**2 + 31941*l**2 + 31938*l**2. Give b(10).
-9
Let f(v) = -7*v**3 - v**2 - 2*v - 5. Let g(i) = 20*i**3 + 4*i**2 + 7*i + 14. Let s(h) = -17*f(h) - 6*g(h). Give s(-6).
13
Let c(s) = -4*s**3 - s + 1. Let j(l) = 4*l - 71. Let m be j(18). Determine c(m).
-4
Let n(m) = -m**3 + 5*m**2 - 2. Let j be n(5). Let k be (-1)/(j + 0)*-6. Let p(f) = 6*f - 3*f + 40 - 44 - f. What is p(k)?
-10
Let n(a) = -a**3 + 4*a**2 + 6*a + 2. Let f(p) = -p**3 - 9*p**2 + 26*p + 49. Let t be f(-11). Calculate n(t).
7
Let q(t) = 17*t**2 + 60*t + 41. Let r(y) = -4*y**2 - 15*y - 10. Let v(n) = 2*q(n) + 9*r(n). Give v(-7).
-1
Let q(n) = -n**2 - 7*n - 5. Let y be -5*(4 - (10 - 7)). Determine q(y).
5
Let p(c) be the first derivative of -c**3/3 + 7*c**2/2 - c - 32. What is p(4)?
11
Let p be (2 - 1 - 2)/1. Let v(h) be the third derivative of 7/60*h**5 + 0 - 17*h**2 + 1/24*h**4 + 1/6*h**3 + 0*h. Give v(p).
7
Suppose -5*d = d - 36. Let o be (d/3 - 3)/(-1). Let c(l) = o - 4 - 3 - l + 2*l. Calculate c(5).
-1
Let v(n) be the second derivative of n**4/12 - n**3/6 - 4*n**2 + 2*n. Suppose 2*w - 3*w + 5 = 0. Suppose -4 = 2*y - p, -4*y + 17 = w*p - 3. Calculate v(y).
-8
Let b(r) = 6*r**2 - 35*r + 115. Let s(t) = -t**2 + 7*t - 21. Let a(m) = 2*b(m) + 11*s(m). What is a(5)?
59
Let h(u) = -5*u + 31. Let r(c) = -4*c + 24. Let k(p) = 3*h(p) - 4*r(p). Let l = 14 + 1. Suppose 5*q + 5 = -l. Determine k(q).
-7
Let b(m) = -2*m + 10. Let k be b(-7). Suppose -k = -2*x - 0*x - 5*q, 0 = 4*q - 16. Let j be ((-7)/21)/(x/(-30)). Let y(u) = -u**2 + 5*u + 3. Calculate y(j).
3
Let z(y) = 3*y**2 + y + 2. Let b = -1179 - -1190. Suppose -3*x + 6 + 0 = 0. Suppose 2*l - 3*j + 1 = 6*l, x*l + 5*j - b = 0. What is z(l)?
12
Let n(t) = t**3 + t**2 + t + 1. Let s(r) be the third derivative of r**6/60 - r**5/30 + r**4/8 + r**3/3 + 12*r**2. Let m(x) = -n(x) + s(x). What is m(3)?
7
Let w(j) = -j**3 + j**2 + 2*j - 5. Let k(n) = n**3 - n - 1. Let l(v) = 2*k(v) - w(v). Suppose -4*c = b - 5 + 15, -2*b + 19 = -5*c. Determine l(b).
15
Let n(s) = 188 - 375 - s**2 + 11*s + 190. Calculate n(11).
3
Let q(g) = g**2 + 132 + 145 - 254 - 23*g. Calculate q(22).
1
Let o(j) = -13*j**2 + 30*j + 5. Let t(w) = -15*w**2 + 34*w + 4. Let g(i) = 7*o(i) - 6*t(i). What is g(10)?
-29
Let a(p) = 2*p + p**2 + 3*p - 2 - 2*p**2. Let k = 65 - 21. Let u = k - 42. What is a(u)?
4
Let s(j) = j**3 + 7*j**2 - 6*j + 10. Let l be s(-8). Let z(q) = 7*q**2 + 6*q - 2. Let m(u) = u**2 + 1. Let k = 0 - -6. Let d(o) = k*m(o) - z(o). What is d(l)?
8
Let j(s) = -s**2 + 26*s - 53. Let m = -1422 - -1446. Calculate j(m).
-5
Suppose -j - 5 = m, 2*m + 0*m - j = 5. Suppose m = v + 2*v - 9. Let a(y) = -4*y**2 - 4*y**3 - 5*y**3 + 8*y**v + 4*y. What is a(-5)?
5
Let y = -10 + 15. Let c(l) be the second derivative of l**6/360 - l**5/30 - 5*l**4/24 + 3*l**3/2 + 2*l. Let u(h) be the second derivative of c(h). What is u(y)?
0
Let r(n) = -2*n**2 + 5*n - 4. Let h(l) = -7*l**2 + 14*l - 11. Let z(j) = -4*h(j) + 11*r(j). Let i = -30 - -31. Calculate z(i).
5
Let d(y) be the second derivative of y**3/6 + y**2 - y. Let r = -66 + 80. Suppose 10*o - r = -54. Calculate d(o).
-2
Let a(r) = -r**3 + 4*r**2 - 4*r + 4. Let t be a(2). Suppose 0 = 3*u + t*s - 22, 5*u - 5*s - 60 = -0*s. Suppose -h + u = 13. Let l(p) = -3*p - 4. Determine l(h).
5
Let v = 6 + -1. Suppose 3*m + 6 = -5*l + 37, -v*m - 39 = -3*l. Let z(n) = 8*n**2 + 4 - 14 + 2*n + 2*n**3 - 3*n**3. Give z(l).
6
Suppose 3*k - 32 = -k. Let i be (2 - k) + (2 - 2 - -1). Let t(h) = 2*h - 1. What is t(i)?
-11
Let p = 8 + -14. Let s(q) be the second derivative of -q**4/24 - 5*q**3/6 + 6*q**2 - 3*q. Let d(g) be the first derivative of s(g). Determine d(p).
1
Let f be 2/((-10)/6 + 2). Suppose f*z - 45 = 3*z. Suppose 3*u - z = -2*u. Let p(b) = -b + 6. What is p(u)?
3
Let k = -8 - -36. Suppose -175*t - 3 = -176*t. Let d be (-4 - k/(-6))*t. Let q(a) = 2*a**2 - 3*a + 3. Calculate q(d).
5
Let c(b) = b**2 + 6*b + 7. Suppose -2*q + 5 = 3*z, 5*z + 13 + 4 = 3*q. Suppose 4*f = -4*g + 16, -3*g + 0*g - f + 20 = 0. Let p be ((-4)/g)/(z/(-12)). Give c(p).
7
Let l(c) be the firs